 by 1190.
452
What is the remainder when 2274883 is divided by 369?
367
Calculate the remainder when 18737 is divided by 8537.
1663
Calculate the remainder when 74039 is divided by 34.
21
What is the remainder when 27687 is divided by 10?
7
Calculate the remainder when 215919 is divided by 679.
676
What is the remainder when 780701 is divided by 15?
11
Calculate the remainder when 58503 is divided by 19497.
12
What is the remainder when 87912 is divided by 14650?
12
Calculate the remainder when 5624 is divided by 5620.
4
Calculate the remainder when 472812 is divided by 285.
282
Calculate the remainder when 5579 is divided by 373.
357
What is the remainder when 7498 is divided by 972?
694
Calculate the remainder when 869566 is divided by 24.
22
Calculate the remainder when 7492 is divided by 147.
142
Calculate the remainder when 5703 is divided by 2516.
671
What is the remainder when 17238 is divided by 2?
0
What is the remainder when 23015 is divided by 137?
136
Calculate the remainder when 1002 is divided by 256.
234
What is the remainder when 15190 is divided by 158?
22
Calculate the remainder when 13124 is divided by 98.
90
Calculate the remainder when 3640 is divided by 21.
7
Calculate the remainder when 22492 is divided by 288.
28
What is the remainder when 8231 is divided by 3965?
301
Calculate the remainder when 10184 is divided by 2543.
12
Calculate the remainder when 45154 is divided by 15.
4
What is the remainder when 34369 is divided by 3?
1
What is the remainder when 91911 is divided by 18382?
1
What is the remainder when 7695 is divided by 227?
204
Calculate the remainder when 16214 is divided by 807.
74
Calculate the remainder when 505 is divided by 195.
115
What is the remainder when 29806 is divided by 162?
160
What is the remainder when 14311 is divided by 1163?
355
What is the remainder when 24423 is divided by 18?
15
What is the remainder when 189660 is divided by 29?
0
What is the remainder when 1186027 is divided by 837?
835
Calculate the remainder when 13335 is divided by 6663.
9
Calculate the remainder when 3488 is divided by 1125.
113
Calculate the remainder when 39194 is divided by 299.
25
What is the remainder when 1810 is divided by 861?
88
What is the remainder when 1732 is divided by 123?
10
What is the remainder when 71252 is divided by 37?
27
Calculate the remainder when 6507 is divided by 3197.
113
Calculate the remainder when 7592 is divided by 94.
72
What is the remainder when 127134 is divided by 548?
546
Calculate the remainder when 2012 is divided by 912.
188
What is the remainder when 7113 is divided by 599?
524
Calculate the remainder when 11190 is divided by 10752.
438
What is the remainder when 10454 is divided by 961?
844
What is the remainder when 32559 is divided by 509?
492
Calculate the remainder when 212960 is divided by 24.
8
Calculate the remainder when 507 is divided by 498.
9
Calculate the remainder when 944 is divided by 226.
40
What is the remainder when 9914 is divided by 1652?
2
What is the remainder when 1715773 is divided by 8?
5
What is the remainder when 41402 is divided by 1089?
20
What is the remainder when 156771 is divided by 22?
21
What is the remainder when 22944 is divided by 2085?
9
Calculate the remainder when 1294 is divided by 170.
104
What is the remainder when 21161 is divided by 331?
308
Calculate the remainder when 39832 is divided by 3983.
2
Calculate the remainder when 3515 is divided by 153.
149
What is the remainder when 610940 is divided by 47?
34
What is the remainder when 1749 is divided by 539?
132
Calculate the remainder when 133925 is divided by 102.
101
What is the remainder when 9965 is divided by 9831?
134
Calculate the remainder when 3491 is divided by 3431.
60
Calculate the remainder when 17311 is divided by 111.
106
Calculate the remainder when 48403 is divided by 2547.
10
What is the remainder when 275574 is divided by 518?
516
What is the remainder when 11226 is divided by 148?
126
Calculate the remainder when 79353 is divided by 34.
31
Calculate the remainder when 568 is divided by 71.
0
What is the remainder when 1208 is divided by 1063?
145
Calculate the remainder when 8066 is divided by 201.
26
Calculate the remainder when 21924 is divided by 25.
24
Calculate the remainder when 350637 is divided by 240.
237
Calculate the remainder when 40226 is divided by 78.
56
What is the remainder when 255596 is divided by 48?
44
What is the remainder when 1980 is divided by 193?
50
What is the remainder when 30777 is divided by 1619?
16
What is the remainder when 218940 is divided by 9?
6
Calculate the remainder when 1915 is divided by 150.
115
Calculate the remainder when 23579 is divided by 68.
51
Calculate the remainder when 27450 is divided by 27393.
57
Calculate the remainder when 16238 is divided by 196.
166
What is the remainder when 8655 is divided by 8600?
55
Calculate the remainder when 3416 is divided by 850.
16
Calculate the remainder when 18776 is divided by 58.
42
Calculate the remainder when 746 is divided by 75.
71
What is the remainder when 64076 is divided by 596?
304
Calculate the remainder when 203254 is divided by 27.
25
What is the remainder when 20510 is divided by 16?
14
Calculate the remainder when 1313 is divided by 124.
73
What is the remainder when 3253 is divided by 371?
285
Calculate the remainder when 2498 is divided by 250.
248
Calculate the remainder when 14628 is divided by 270.
48
What is the remainder when 751 is divided by 738?
13
Calculate the remainder when 247858 is divided by 1620.
1618
Calculate the remainder when 105 is divided by 23.
13
Calculate the remainder when 3272 is divided by 537.
50
What is the remainder when 14620 is divided by 86?
0
Calculate the remainder when 23930 is divided by 282.
242
Calculate the remainder when 2246047 is divided by 729.
727
Calculate the remainder when 11850 is divided by 5895.
60
What is the remainder when 145390 is divided by 24?
22
What is the remainder when 9089 is divided by 2266?
25
Calculate the remainder when 5869 is divided by 338.
123
What is the remainder when 251606 is divided by 259?
117
Calculate the remainder when 98694 is divided by 45.
9
Calculate the remainder when 961 is divided by 135.
16
What is the remainder when 21531 is divided by 695?
681
Calculate the remainder when 23701 is divided by 950.
901
Calculate the remainder when 6783 is divided by 261.
258
What is the remainder when 41079 is divided by 978?
3
What is the remainder when 3656 is divided by 366?
362
Calculate the remainder when 292693 is divided by 247.
245
What is the remainder when 424 is divided by 69?
10
What is the remainder when 318303 is divided by 28?
27
Calculate the remainder when 25544 is divided by 690.
14
Calculate the remainder when 1440 is divided by 1.
0
What is the remainder when 82859 is divided by 41419?
21
What is the remainder when 7587 is divided by 37?
2
What is the remainder when 21430 is divided by 19?
17
What is the remainder when 188815 is divided by 15?
10
What is the remainder when 1089957 is divided by 24?
21
What is the remainder when 1912070 is divided by 70817?
11
What is the remainder when 34088 is divided by 2068?
1000
What is the remainder when 17140 is divided by 229?
194
What is the remainder when 2649 is divided by 869?
42
Calculate the remainder when 4816 is divided by 1572.
100
Calculate the remainder when 114434 is divided by 198.
188
What is the remainder when 2507 is divided by 791?
134
What is the remainder when 36763 is divided by 171?
169
Calculate the remainder when 212877 is divided by 16.
13
Calculate the remainder when 7572 is divided by 3786.
0
What is the remainder when 617679 is divided by 7019?
7
Calculate the remainder when 209008 is divided by 52252.
0
Calculate the remainder when 21244 is divided by 10618.
8
Calculate the remainder when 35724 is divided by 796.
700
What is the remainder when 310367 is divided by 17?
15
Calculate the remainder when 10947 is divided by 933.
684
What is the remainder when 14273 is divided by 7129?
15
Calculate the remainder when 61527 is divided by 58.
47
Calculate the remainder when 730 is divided by 431.
299
Calculate the remainder when 170540 is divided by 42633.
8
What is the remainder when 1481 is divi